21742 a multiple of 2?
True
Is 38920 a multiple of 44?
False
Does 3 divide 2855145?
True
Is 8102712 a multiple of 24?
True
Is 6499004 a multiple of 352?
False
Does 18 divide 11866528?
False
Does 18 divide 853020?
True
Is 10909 a multiple of 3?
False
Is 328019 a multiple of 7?
False
Is 5 a factor of 192535?
True
Is 337106 a multiple of 199?
True
Is 18 a factor of 2122356?
False
Is 79963 a multiple of 64?
False
Does 47 divide 489599?
True
Does 41 divide 166624?
True
Is 7 a factor of 80670?
False
Is 24 a factor of 2221032?
True
Is 316960 a multiple of 80?
True
Does 71 divide 56019?
True
Is 6720525 a multiple of 21?
True
Is 981 a factor of 1195452?
False
Does 136 divide 42298?
False
Is 108540 a multiple of 30?
True
Does 3 divide 5122731?
True
Is 2090899 a multiple of 10?
False
Does 18 divide 99494?
False
Is 9 a factor of 182529?
True
Is 4 a factor of 136500?
True
Is 195 a factor of 120120?
True
Is 405321 a multiple of 220?
False
Does 7 divide 63280?
True
Does 16 divide 3800316?
False
Is 182088 a multiple of 108?
True
Is 96462 a multiple of 23?
True
Does 31 divide 408735?
True
Does 176 divide 79376?
True
Is 60 a factor of 27734?
False
Is 13131072 a multiple of 612?
True
Is 7 a factor of 2203741?
False
Is 252 a factor of 1044350?
False
Is 11 a factor of 783127?
False
Does 16 divide 19818832?
True
Is 12 a factor of 216168?
True
Is 143 a factor of 1008722?
True
Is 141455 a multiple of 69?
False
Is 41860 a multiple of 70?
True
Is 525588 a multiple of 21?
True
Is 666421 a multiple of 52?
False
Does 145 divide 194031?
False
Is 553 a factor of 1135066?
False
Does 3 divide 16290?
True
Is 8 a factor of 392152?
True
Is 50 a factor of 5323651?
False
Is 597975 a multiple of 51?
True
Is 320 a factor of 140800?
True
Is 3532150 a multiple of 13?
False
Is 565 a factor of 842330?
False
Is 525240 a multiple of 58?
False
Is 40525 a multiple of 8?
False
Does 8 divide 10438?
False
Does 25 divide 23638?
False
Is 7 a factor of 1049664?
True
Does 554 divide 581146?
True
Is 117 a factor of 46447?
False
Does 54 divide 2808?
True
Does 593 divide 9483308?
False
Is 2 a factor of 3724?
True
Is 1681198 a multiple of 34?
True
Is 19 a factor of 64524?
True
Does 26 divide 906094?
False
Is 73 a factor of 40008?
False
Is 825588 a multiple of 142?
True
Is 1479796 a multiple of 19?
True
Is 2 a factor of 7455?
False
Does 94 divide 14464?
False
Is 1273 even?
False
Does 25 divide 1152529?
False
Is 43 a factor of 519225?
True
Does 647 divide 617767?
False
Is 36 a factor of 99695?
False
Does 2 divide 69544?
True
Is 28226883 a multiple of 151?
True
Is 381 a factor of 1351407?
True
Does 26 divide 3485?
False
Does 65 divide 1952253?
False
Does 289 divide 1340204?
False
Is 129319 a multiple of 161?
False
Does 672 divide 6910211?
False
Does 29 divide 145898?
False
Is 120967 a multiple of 50?
False
Is 24 a factor of 188136?
True
Does 733 divide 993088?
False
Does 33 divide 24321?
True
Does 1509 divide 7720069?
False
Is 1570703 a multiple of 89?
False
Does 507 divide 906516?
True
Is 3674005 a multiple of 25?
False
Is 556686 a multiple of 26?
True
Is 2 a factor of 2803980?
True
Is 928 a factor of 1140153?
False
Is 145 a factor of 51330?
True
Is 500465 a multiple of 181?
True
Is 5 a factor of 256517?
False
Is 13 a factor of 1446055?
True
Is 6163290 a multiple of 105?
True
Does 183 divide 975107?
False
Does 92 divide 393576?
True
Does 13 divide 90854?
False
Does 17 divide 255406?
False
Is 7464854 a multiple of 193?
True
Is 771 a factor of 1191416?
False
Does 122 divide 18546?
False
Does 279 divide 9047133?
True
Is 510 a factor of 511164?
False
Is 1827016 a multiple of 19?
False
Does 64 divide 411613?
False
Is 44 a factor of 4255353?
False
Is 403390 a multiple of 58?
True
Does 492 divide 768996?
True
Is 412 a factor of 1770776?
True
Does 100 divide 14926394?
False
Is 769850 a multiple of 268?
False
Is 193 a factor of 409697?
False
Is 418 a factor of 11882289?
False
Is 43212 a multiple of 33?
False
Does 5 divide 321300?
True
Is 2496408 a multiple of 663?
False
Is 4385206 a multiple of 26?
False
Is 459679 a multiple of 121?
True
Is 3821532 a multiple of 13?
True
Does 18 divide 113711?
False
Is 28 a factor of 69459?
False
Does 11 divide 2794836?
True
Does 79 divide 17377?
False
Is 331039 a multiple of 19?
False
Is 4 a factor of 1021439?
False
Is 30407 a multiple of 23?
False
Is 320990 a multiple of 13?
False
Does 692 divide 7468064?
True
Is 97 a factor of 1841671?
False
Is 181888 a multiple of 112?
True
Is 17 a factor of 62611?
True
Does 238 divide 994745?
False
Is 18761 a multiple of 52?
False
Is 74 a factor of 4252583?
False
Does 13 divide 125078?
False
Does 31 divide 3256762?
False
Is 9 a factor of 105552?
True
Does 2024 divide 20897800?
True
Is 2 a factor of 5600?
True
Is 1928498 a multiple of 121?
True
Is 735298 a multiple of 26?
False
Does 36 divide 30389?
False
Is 9619 a multiple of 283?
False
Is 22 a factor of 624098?
False
Does 249 divide 237546?
True
Is 25 a factor of 57275?
True
Is 5798978 a multiple of 306?
False
Is 232 a factor of 4074385?
False
Is 80620 a multiple of 149?
False
Is 127 a factor of 95377?
True
Is 3580462 a multiple of 29?
False
Does 64 divide 85184?
True
Is 9 a factor of 957843?
True
Does 83 divide 2568605?
False
Is 402600 a multiple of 44?
True
Is 227 a factor of 23722903?
False
Is 437 a factor of 7873429?
True
Is 29601 a multiple of 262?
False
Is 664 a factor of 3073656?
True
Does 7 divide 156954?
True
Is 670 a factor of 8494260?
True
Is 166131 a multiple of 11?
False
Does 724 divide 9902872?
True
Is 22 a factor of 6395730?
True
Is 446 a factor of 1148141?
False
Is 17 a factor of 9008181?
True
Is 125188 a multiple of 238?
True
Is 8927313 a multiple of 57?
False
Is 3054330 a multiple of 45?
True
Is 333336 a multiple of 344?
True
Is 25718376 a multiple of 2441?
True
Does 91 divide 344162?
True
Is 101 a factor of 4140293?
True
Is 11066717 a multiple of 39?
False
Is 295352 a multiple of 8?
True
Is 31328 a multiple of 22?
True
Is 30 a factor of 395806?
False
Is 3 a factor of 2559?
True
Is 239466 a multiple of 15?
False
Is 3518360 a multiple of 10?
True
Does 18 divide 5213702?
False
Does 3 divide 44895?
True
Does 89 divide 790765?
True
Is 319 a factor of 3012676?
False
Does 497 divide 586993?
False
Is 513784 a multiple of 243?
False
Does 11 divide 3961144?
True
Does 120 divide 2183880?
True
Is 94332 a multiple of 27?
False
Is 243890 a multiple of 290?
True
Is 67 a factor of 248101?
True
Does 104 divide 184269?
False
Is 4 a factor of 955366?
False
Is 564492 a multiple of 563?
False
Does 1518 divide 21262626?
True
Is 16459080 a multiple of 66?
True
Is 1725051 a multiple of 8?
False
Is 18 a factor of 308106?
True
Does 15 divide 6126312?
False
Does 10 divide 3870320?
True
Is 3781 a multiple of 86?
False
Is 35 a factor of 111752?
False
Does 25 divide 5478891?
False
Is 33 a factor of 7088?
False
Is 306207 a multiple of 78?
False
Does 286 divide 19448?
True
Does 239 divide 16898256?
True
Is 36 a factor of 1214136?
True
Is 952433 a multiple of 91?
False
Is 68 a factor of 307088?
True
Is 44 a factor of 160908?
True
Does 39 divide 68366?
False
Is 208284 a multiple of 7?
False
Is 492 a factor of 733572?
True
Is 4 a factor of 13619?
False
Is 122 a factor of 151852?
False
Does 845 divide 2279810?
True
Does 384 divide 25403?
False
Is 37589985 a multiple of 265?
True
Is 2547742 a multiple of 134?
True
Is 340457 even?
False
Does 381 divide 463870?
False
Does 5 divide 145?
True
Is 21763434 a multiple of 862?
False
Is 920567 a multiple of 51?
False
Does 119 divide 94511?
False
Is 591840 a multiple of 96?
True
Is 358377 a multiple of 4?
False
Is 2239923 a multiple of 52?
False
Is 587683 a multiple of 400?
False
Does 56 divide 120960?
True
Is 38 a factor of 1683231?
False
Is 22 a factor of 148698?
True
Is 2664310 a multiple of 914?
True
Is 81849 a multiple of 12?
False
Is 102 a factor of 8762816?
False
Is 702 a factor of 317036?
False
Is 195506 a multiple of 18?
False
Is 6752526 a multiple of 213?
True
Is 330112 a multiple of 128?
True
Does 9 divide 356031?
True
Is 226005 a multiple of 14?
False
Does 71 divide 84617?
False
Does 52 divide 527540?
True
Is 7 a factor of 952515?
False
Is 47 a factor of 5829974?
True
Is 123 a factor of 1195842?
False
Does 24 divide 187547?
False
Is 3935532 a multipl